st common divisor of 6344 and 312728.
104
Calculate the highest common divisor of 744264417 and 1366.
683
What is the highest common factor of 209945 and 39035?
1055
Calculate the greatest common factor of 1147876 and 651676.
3308
Calculate the highest common factor of 1447160 and 21640.
40
What is the highest common divisor of 8993802 and 1254?
114
What is the highest common divisor of 14649 and 1852329?
57
Calculate the greatest common divisor of 43408368 and 2160.
144
Calculate the greatest common divisor of 58555 and 10948590.
1195
Calculate the highest common factor of 7892640 and 506340.
5220
What is the highest common factor of 13522 and 11038?
2
Calculate the highest common factor of 1234 and 22222489.
617
Calculate the greatest common factor of 101338 and 54050.
46
Calculate the highest common factor of 223672 and 4433608.
3064
What is the greatest common divisor of 615 and 95526351?
123
Calculate the highest common factor of 1200 and 36240400.
400
What is the highest common divisor of 1510 and 13111632?
302
Calculate the greatest common factor of 216689 and 6611.
11
What is the highest common factor of 17686207 and 4655?
931
What is the highest common divisor of 147 and 5552589?
21
Calculate the highest common factor of 810 and 6738570.
90
Calculate the greatest common divisor of 162287108 and 1550.
62
What is the highest common factor of 154 and 3061982?
154
What is the highest common divisor of 608 and 208491446?
38
What is the greatest common divisor of 13240143 and 4116?
1029
Calculate the highest common divisor of 486 and 2552229.
243
What is the greatest common divisor of 120 and 23827224?
24
What is the highest common factor of 528 and 420192?
48
Calculate the highest common factor of 4460991 and 427.
61
What is the greatest common divisor of 665 and 344566691?
133
Calculate the greatest common divisor of 707300 and 31900.
1100
What is the greatest common divisor of 176 and 19931813?
11
What is the greatest common divisor of 1908 and 9140436?
36
Calculate the highest common divisor of 321663763 and 92.
23
Calculate the greatest common divisor of 15 and 99249.
3
What is the greatest common factor of 65572202 and 1394?
82
Calculate the greatest common divisor of 95 and 703469281.
19
Calculate the highest common divisor of 23 and 53683863.
23
What is the greatest common divisor of 994 and 22763594?
994
Calculate the highest common factor of 2013 and 658812.
33
What is the greatest common factor of 1769288 and 478292?
436
What is the highest common divisor of 171588 and 682008?
2172
What is the greatest common factor of 3069 and 807279?
33
Calculate the greatest common factor of 24538969 and 11830.
1183
What is the highest common factor of 2486478 and 768?
6
Calculate the highest common factor of 138093 and 12050.
241
What is the greatest common factor of 1816 and 177224?
8
Calculate the highest common factor of 2525 and 723250.
25
What is the highest common divisor of 80 and 1274140?
20
What is the highest common divisor of 52929 and 3645?
9
What is the greatest common divisor of 85 and 4506003?
17
What is the highest common factor of 493469 and 9398?
37
What is the greatest common divisor of 1496 and 11506000?
88
What is the highest common divisor of 496 and 14182384?
16
Calculate the highest common divisor of 31480 and 520.
40
Calculate the greatest common factor of 516 and 37778682.
258
What is the highest common factor of 358558 and 13298?
122
Calculate the highest common factor of 8535703 and 53.
53
Calculate the highest common divisor of 867674 and 27038.
2458
Calculate the greatest common factor of 13030555 and 139.
139
What is the highest common factor of 314 and 21133927?
157
What is the highest common divisor of 3219 and 8511258?
111
What is the greatest common divisor of 87825944 and 272?
136
Calculate the highest common divisor of 1576512 and 15732.
828
What is the highest common divisor of 7506712 and 2728?
248
Calculate the highest common factor of 43572660 and 120.
60
Calculate the highest common divisor of 78022420 and 945.
35
What is the highest common divisor of 270557 and 14?
7
Calculate the highest common factor of 1220 and 116080.
20
Calculate the greatest common divisor of 825 and 12538603.
11
Calculate the greatest common factor of 1520 and 2212638160.
1520
What is the greatest common factor of 1419 and 10454961?
33
What is the greatest common factor of 617192456 and 8?
8
What is the highest common factor of 32067 and 22463?
7
What is the greatest common factor of 41766 and 22818?
6
Calculate the highest common factor of 4294077 and 207.
69
Calculate the greatest common divisor of 1732373 and 6293.
899
Calculate the highest common divisor of 1435 and 60025.
35
What is the greatest common factor of 598 and 2470676?
26
What is the highest common factor of 13055 and 138145?
35
What is the highest common factor of 394 and 282659146?
394
Calculate the highest common divisor of 26975262 and 3188.
1594
What is the highest common factor of 1374088 and 128?
8
Calculate the highest common factor of 3125 and 88475.
25
What is the greatest common factor of 2135304 and 54897?
1893
Calculate the highest common divisor of 577128 and 567267.
519
Calculate the greatest common divisor of 95356 and 3844.
124
What is the highest common factor of 32900 and 1333108?
1316
What is the highest common divisor of 1957326 and 11832?
174
What is the highest common divisor of 154 and 135487?
11
Calculate the greatest common factor of 56434473 and 143955.
4113
Calculate the highest common divisor of 2810 and 198957835.
1405
Calculate the highest common divisor of 1122412 and 32.
4
What is the highest common factor of 1128240 and 90?
90
Calculate the highest common divisor of 14008 and 41285078.
3502
What is the highest common factor of 807226 and 602?
14
What is the greatest common divisor of 1290 and 880734?
6
What is the highest common factor of 15710 and 1261580?
10
What is the highest common divisor of 6 and 82653870?
6
What is the greatest common factor of 54381 and 15549?
3
Calculate the greatest common divisor of 33790176 and 1776.
1776
Calculate the highest common divisor of 4530264 and 70702.
1334
Calculate the highest common divisor of 284 and 1851893.
71
Calculate the greatest common divisor of 63 and 218691669.
21
Calculate the highest common divisor of 22204 and 16356418.
1586
What is the greatest common factor of 3713 and 370665077?
3713
What is the highest common divisor of 8160 and 584160?
480
Calculate the greatest common factor of 26835223 and 4328.
541
Calculate the greatest common divisor of 294458531 and 101.
101
What is the highest common factor of 369003880 and 280?
280
Calculate the highest common factor of 194829921 and 19305.
3861
Calculate the highest common divisor of 7116 and 301774142.
1186
What is the highest common factor of 9103750 and 6875?
625
Calculate the highest common factor of 5936916 and 24.
12
What is the greatest common factor of 532042 and 1403?
61
Calculate the highest common factor of 2333556 and 149199.
123
Calculate the greatest common factor of 13 and 103549.
1
Calculate the highest common divisor of 9073 and 34271.
43
Calculate the greatest common factor of 21775 and 1022450.
325
Calculate the highest common divisor of 24608 and 99206383.
769
What is the highest common divisor of 1206 and 2406?
6
What is the greatest common factor of 130716 and 8004?
12
What is the highest common divisor of 4004 and 14691040?
364
Calculate the greatest common divisor of 26487 and 47871.
243
What is the highest common divisor of 2875810 and 13230?
490
What is the greatest common factor of 1204 and 4614889?
43
Calculate the highest common factor of 6728 and 5248681.
841
Calculate the highest common divisor of 124885 and 275.
5
Calculate the greatest common divisor of 28 and 134796788.
28
What is the highest common factor of 327060 and 22500?
180
Calculate the greatest common divisor of 20331 and 7299.
9
Calculate the greatest common factor of 1192 and 271489622.
298
Calculate the greatest common divisor of 688 and 329526544.
688
What is the highest common divisor of 22838678 and 322?
46
What is the greatest common factor of 13192 and 3389956?
388
What is the highest common factor of 2960 and 31077040?
